32
Calculate the remainder when 79602 is divided by 183.
180
What is the remainder when 786359 is divided by 60489?
2
Calculate the remainder when 12837 is divided by 39.
6
Calculate the remainder when 306534 is divided by 1940.
14
What is the remainder when 5737 is divided by 70?
67
What is the remainder when 204053 is divided by 41?
37
Calculate the remainder when 3447 is divided by 1161.
1125
Calculate the remainder when 21596 is divided by 63.
50
What is the remainder when 857583 is divided by 537?
531
Calculate the remainder when 16255 is divided by 1236.
187
What is the remainder when 1675 is divided by 31?
1
What is the remainder when 165782 is divided by 34?
32
Calculate the remainder when 39687 is divided by 8.
7
What is the remainder when 3321 is divided by 234?
45
What is the remainder when 45242 is divided by 23?
1
What is the remainder when 334158 is divided by 10779?
9
What is the remainder when 6555 is divided by 242?
21
Calculate the remainder when 2383 is divided by 1858.
525
What is the remainder when 15269 is divided by 58?
15
What is the remainder when 413 is divided by 96?
29
What is the remainder when 13726 is divided by 126?
118
What is the remainder when 973775 is divided by 871?
868
What is the remainder when 583 is divided by 54?
43
Calculate the remainder when 1577 is divided by 540.
497
What is the remainder when 19563 is divided by 1955?
13
What is the remainder when 21681 is divided by 2409?
0
Calculate the remainder when 188505 is divided by 47109.
69
Calculate the remainder when 16027 is divided by 96.
91
What is the remainder when 7158 is divided by 64?
54
What is the remainder when 3267 is divided by 41?
28
What is the remainder when 7276 is divided by 511?
122
What is the remainder when 47806 is divided by 62?
4
What is the remainder when 3447 is divided by 572?
15
Calculate the remainder when 5030 is divided by 43.
42
Calculate the remainder when 136161 is divided by 471.
42
What is the remainder when 75794 is divided by 28?
26
What is the remainder when 37449 is divided by 12482?
3
What is the remainder when 42180 is divided by 15?
0
Calculate the remainder when 7869 is divided by 87.
39
What is the remainder when 1969 is divided by 132?
121
What is the remainder when 83023 is divided by 111?
106
What is the remainder when 426 is divided by 299?
127
What is the remainder when 30813 is divided by 15401?
11
Calculate the remainder when 30909 is divided by 15438.
33
What is the remainder when 5392 is divided by 894?
28
Calculate the remainder when 118027 is divided by 19.
18
Calculate the remainder when 31156 is divided by 186.
94
Calculate the remainder when 31270 is divided by 78.
70
Calculate the remainder when 4006 is divided by 1863.
280
What is the remainder when 49605 is divided by 75?
30
What is the remainder when 33813 is divided by 3378?
33
Calculate the remainder when 5659 is divided by 784.
171
Calculate the remainder when 427232 is divided by 1283.
1276
Calculate the remainder when 12132 is divided by 969.
504
What is the remainder when 1136 is divided by 85?
31
What is the remainder when 346234 is divided by 66?
64
Calculate the remainder when 9523 is divided by 288.
19
Calculate the remainder when 312147 is divided by 73.
72
What is the remainder when 311078 is divided by 202?
200
Calculate the remainder when 3099 is divided by 24.
3
Calculate the remainder when 684 is divided by 386.
298
What is the remainder when 93858 is divided by 9?
6
Calculate the remainder when 1706 is divided by 1071.
635
Calculate the remainder when 7803 is divided by 456.
51
What is the remainder when 63637 is divided by 74?
71
What is the remainder when 4133 is divided by 90?
83
Calculate the remainder when 1669 is divided by 64.
5
Calculate the remainder when 4364111 is divided by 1091026.
7
Calculate the remainder when 2279 is divided by 322.
25
Calculate the remainder when 3673 is divided by 245.
243
What is the remainder when 29581 is divided by 239?
184
What is the remainder when 189950 is divided by 51?
26
What is the remainder when 6826 is divided by 70?
36
Calculate the remainder when 1876091 is divided by 237.
236
Calculate the remainder when 19840 is divided by 4916.
176
What is the remainder when 10603 is divided by 47?
28
What is the remainder when 3054 is divided by 332?
66
What is the remainder when 528277 is divided by 463?
457
What is the remainder when 37045 is divided by 155?
0
What is the remainder when 439 is divided by 276?
163
Calculate the remainder when 7432 is divided by 59.
57
What is the remainder when 26219 is divided by 503?
63
Calculate the remainder when 61092 is divided by 270.
72
What is the remainder when 300790 is divided by 100257?
19
What is the remainder when 63855 is divided by 3988?
47
What is the remainder when 501 is divided by 20?
1
What is the remainder when 8731 is divided by 18?
1
Calculate the remainder when 152879 is divided by 10.
9
Calculate the remainder when 6680 is divided by 13.
11
Calculate the remainder when 11940 is divided by 11933.
7
Calculate the remainder when 102511 is divided by 1577.
6
Calculate the remainder when 32305 is divided by 29.
28
What is the remainder when 565960 is divided by 735?
10
Calculate the remainder when 454 is divided by 201.
52
Calculate the remainder when 8287 is divided by 572.
279
Calculate the remainder when 38302 is divided by 252.
250
What is the remainder when 18837 is divided by 6210?
207
Calculate the remainder when 405676 is divided by 116.
24
What is the remainder when 36447 is divided by 32?
31
Calculate the remainder when 237102 is divided by 5154.
18
Calculate the remainder when 231026 is divided by 103.
100
Calculate the remainder when 3635 is divided by 1166.
137
What is the remainder when 47972 is divided by 19?
16
What is the remainder when 7338 is divided by 2354?
276
Calculate the remainder when 217913 is divided by 5587.
20
Calculate the remainder when 22429 is divided by 22419.
10
Calculate the remainder when 120443 is divided by 50.
43
What is the remainder when 53829 is divided by 26?
9
Calculate the remainder when 43155 is divided by 14381.
12
Calculate the remainder when 59903 is divided by 405.
368
What is the remainder when 430285 is divided by 1003?
1001
Calculate the remainder when 487073 is divided by 61.
49
Calculate the remainder when 110714 is divided by 31.
13
What is the remainder when 7833 is divided by 145?
3
Calculate the remainder when 12366 is divided by 723.
75
What is the remainder when 4417838 is divided by 46?
44
What is the remainder when 678 is divided by 93?
27
Calculate the remainder when 9122 is divided by 702.
698
Calculate the remainder when 13699 is divided by 159.
25
Calculate the remainder when 4370 is divided by 2150.
70
Calculate the remainder when 864 is divided by 274.
42
What is the remainder when 11595 is divided by 235?
80
What is the remainder when 68619 is divided by 13722?
9
Calculate the remainder when 80984 is divided by 34.
30
What is the remainder when 38849 is divided by 19422?
5
Calculate the remainder when 23047 is divided by 110.
57
Calculate the remainder when 4293 is divided by 18.
9
Calculate the remainder when 23608 is divided by 288.
280
Calculate the remainder when 93044 is divided by 8.
4
What is the remainder when 2720 is divided by 542?
10
What is the remainder when 37205 is divided by 9293?
33
Calculate the remainder when 5392 is divided by 29.
27
Calculate the remainder when 14348 is divided by 205.
203
Calculate the remainder when 4413 is divided by 4376.
37
What is the remainder when 38744 is divided by 1440?
1304
What is the remainder when 568789 is divided by 5522?
23
Calculate the remainder when 41186 is divided by 859.
813
What is the remainder when 1725 is divided by 796?
133
What is the remainder when 904 is divided by 139?
70
What is the remainder when 4724 is divided by 758?
176
What is the remainder when 2038303 is divided by 16?
15
What is the remainder when 25257 is divided by 4206?
21
What is the remainder when 24323 is divided by 785?
773
Calculate the remainder when 490441 is divided by 1220.
1
What is the remainder when 323778 is divided by 43?
31
What is the remainder when 18473 is divided by 14?
7
What is the remainder when 862